Calculate the greatest common factor of 279 and 1550.
31
What is the highest common divisor of 66 and 3806?
22
What is the highest common factor of 8280 and 1800?
360
Calculate the greatest common factor of 1470 and 30.
30
What is the highest common divisor of 15 and 1335?
15
Calculate the greatest common divisor of 7117 and 11.
11
Calculate the greatest common factor of 2150 and 172.
86
What is the greatest common factor of 54 and 21006?
54
What is the highest common divisor of 24 and 1464?
24
Calculate the greatest common factor of 20 and 16720.
20
What is the greatest common factor of 122 and 2867?
61
Calculate the greatest common factor of 98 and 114.
2
What is the highest common factor of 267 and 1513?
89
Calculate the highest common divisor of 65 and 2743.
13
What is the greatest common divisor of 58 and 638?
58
Calculate the highest common divisor of 1296 and 2880.
144
Calculate the greatest common divisor of 448 and 98.
14
What is the greatest common factor of 216 and 54?
54
Calculate the highest common factor of 255 and 40.
5
What is the highest common divisor of 23 and 575?
23
What is the greatest common divisor of 33 and 3179?
11
Calculate the highest common divisor of 830 and 250.
10
What is the highest common factor of 15 and 625?
5
What is the greatest common divisor of 48 and 11280?
48
Calculate the highest common divisor of 2968 and 1166.
106
Calculate the highest common divisor of 99 and 110.
11
Calculate the highest common factor of 54 and 258.
6
Calculate the greatest common divisor of 12 and 412.
4
What is the highest common divisor of 507 and 338?
169
What is the highest common divisor of 2980 and 447?
149
What is the highest common divisor of 20650 and 175?
175
What is the greatest common divisor of 90 and 410?
10
Calculate the highest common divisor of 505 and 20.
5
Calculate the greatest common divisor of 21414 and 166.
166
Calculate the greatest common factor of 86 and 4687.
43
What is the greatest common divisor of 416 and 52?
52
What is the greatest common divisor of 192 and 636?
12
Calculate the greatest common divisor of 75 and 9075.
75
Calculate the highest common divisor of 7178 and 74.
74
Calculate the greatest common divisor of 43 and 3.
1
Calculate the highest common factor of 118 and 118.
118
What is the highest common factor of 9504 and 11?
11
Calculate the highest common divisor of 110 and 176.
22
What is the greatest common divisor of 247 and 76?
19
What is the greatest common divisor of 15 and 255?
15
Calculate the greatest common divisor of 41 and 123.
41
What is the greatest common divisor of 19 and 60857?
19
Calculate the highest common divisor of 11258 and 52.
26
Calculate the highest common factor of 9831 and 226.
113
Calculate the greatest common divisor of 68 and 80.
4
Calculate the highest common factor of 75 and 650.
25
What is the highest common factor of 611 and 188?
47
Calculate the highest common divisor of 108 and 486.
54
What is the highest common divisor of 26 and 65?
13
Calculate the highest common divisor of 1530 and 60.
30
What is the greatest common divisor of 31 and 4681?
31
What is the greatest common divisor of 182 and 1586?
26
Calculate the highest common divisor of 24 and 216.
24
What is the greatest common divisor of 680 and 1292?
68
What is the highest common divisor of 96 and 408?
24
Calculate the highest common factor of 35 and 185.
5
Calculate the highest common divisor of 29039 and 71.
71
What is the greatest common factor of 119 and 1037?
17
Calculate the highest common factor of 38 and 475.
19
What is the greatest common factor of 44 and 11220?
44
Calculate the highest common divisor of 1233 and 3973.
137
What is the greatest common divisor of 1608 and 6?
6
Calculate the highest common factor of 294 and 672.
42
Calculate the highest common factor of 3 and 36.
3
Calculate the greatest common divisor of 231 and 132.
33
What is the greatest common divisor of 14 and 742?
14
What is the greatest common factor of 1081 and 188?
47
Calculate the greatest common factor of 6191 and 41.
41
Calculate the highest common divisor of 777 and 63.
21
Calculate the greatest common factor of 30519 and 9.
9
What is the highest common factor of 50 and 458?
2
What is the greatest common divisor of 123 and 82?
41
Calculate the greatest common factor of 16 and 164.
4
What is the greatest common divisor of 315 and 252?
63
Calculate the greatest common factor of 2550 and 34.
34
Calculate the greatest common factor of 152 and 2812.
76
Calculate the greatest common factor of 3894 and 88.
22
Calculate the highest common factor of 2483 and 39.
13
What is the highest common divisor of 561 and 297?
33
What is the greatest common factor of 12552 and 48?
24
What is the greatest common factor of 15 and 345?
15
Calculate the highest common factor of 279 and 9.
9
Calculate the highest common factor of 1600 and 350.
50
Calculate the highest common divisor of 48 and 18.
6
Calculate the greatest common factor of 8616 and 40.
8
What is the greatest common factor of 94 and 98?
2
Calculate the highest common divisor of 12 and 996.
12
Calculate the highest common factor of 29 and 377.
29
Calculate the highest common divisor of 308 and 1958.
22
Calculate the highest common factor of 732 and 60.
12
Calculate the highest common divisor of 5840 and 240.
80
Calculate the highest common factor of 8 and 704.
8
Calculate the greatest common divisor of 729 and 3.
3
What is the greatest common divisor of 42 and 63?
21
What is the highest common factor of 76 and 95?
19
Calculate the greatest common factor of 91 and 26.
13
Calculate the greatest common divisor of 17 and 34102.
17
What is the highest common factor of 589 and 19?
19
What is the greatest common divisor of 30 and 25?
5
Calculate the greatest common factor of 5109 and 156.
39
Calculate the highest common divisor of 84 and 48.
12
What is the greatest common divisor of 90 and 4986?
18
Calculate the highest common factor of 5432 and 392.
56
Calculate the greatest common factor of 352 and 2208.
32
Calculate the greatest common factor of 52 and 286.
26
What is the highest common divisor of 2 and 10?
2
What is the highest common factor of 28 and 70?
14
What is the greatest common divisor of 279 and 1581?
93
Calculate the greatest common factor of 42 and 2373.
21
Calculate the greatest common divisor of 375 and 1425.
75
What is the highest common factor of 195 and 65?
65
Calculate the greatest common factor of 170 and 34.
34
What is the greatest common factor of 65 and 39?
13
What is the highest common factor of 17 and 68?
17
What is the greatest common divisor of 39 and 12?
3
Calculate the highest common divisor of 6897 and 171.
57
Calculate the greatest common factor of 1080 and 45.
45
What is the greatest common divisor of 22 and 198?
22
Calculate the greatest common factor of 187 and 33.
11
Calculate the highest common factor of 80432 and 352.
176
What is the highest common divisor of 60 and 45?
15
Calculate the highest common divisor of 12886 and 68.
34
Calculate the highest common factor of 8 and 328.
8
Calculate the highest common divisor of 18 and 906.
6
Calculate the highest common divisor of 8 and 24.
8
What is the highest common factor of 355 and 426?
71
What is the highest common divisor of 30 and 95?
5
Calculate the greatest common divisor of 36 and 852.
12
What is the greatest common divisor of 288 and 234?
18
Calculate the greatest common factor of 477 and 9.
9
Calculate the greatest common factor of 119 and 85.
17
Calculate the greatest common divisor of 276 and 120888.
276
What is the highest common divisor of 945 and 203?
7
What is the highest common factor of 1887 and 444?
111
What is the greatest common divisor of 16 and 908?
4
What is the greatest common factor of 420 and 861?
21
Calculate the highest common factor of 39 and 8697.
39
What is the highest common divisor of 2299 and 95?
19
Calculate the highest common divisor of 176 and 392.
8
What is the highest common factor of 1053 and 936?
117
What is the highest common divisor of 33 and 33?
33
Calculate the greatest common divisor of 97 and 11.
1
Calculate the greatest common divisor of 7315 and 110.
55
What is the highest common factor of 60 and 3756?
12
What is the highest common factor of 432 